59
List the prime factors of 1574471279.
23, 163, 461, 911
What are the prime factors of 111112345?
5, 739, 30071
List the prime factors of 32310660.
2, 3, 5, 538511
What are the prime factors of 80349089?
17, 37, 139, 919
What are the prime factors of 1157822134?
2, 7, 71, 1164811
What are the prime factors of 1691068371?
3, 563689457
What are the prime factors of 1451895853?
211, 6881023
List the prime factors of 157132520.
2, 5, 3928313
List the prime factors of 381032437.
381032437
List the prime factors of 43987565.
5, 19, 599, 773
List the prime factors of 596102158.
2, 167, 1784737
List the prime factors of 283455864.
2, 3, 23, 171169
What are the prime factors of 2225731096?
2, 163, 1706849
List the prime factors of 101941044.
2, 3, 17, 499711
List the prime factors of 902258451.
3, 241, 415979
What are the prime factors of 41838302?
2, 11, 157, 12113
List the prime factors of 215697767.
6691, 32237
What are the prime factors of 3139663401?
3, 7, 179, 278413
What are the prime factors of 8909351?
11, 29, 2539
List the prime factors of 14053625.
5, 112429
List the prime factors of 2556484913.
2556484913
List the prime factors of 552684913.
11, 50244083
List the prime factors of 131374509.
3, 7, 6255929
List the prime factors of 528447600.
2, 3, 5, 181, 811
What are the prime factors of 2755067?
7, 393581
List the prime factors of 33255905.
5, 6651181
What are the prime factors of 71397412?
2, 17849353
What are the prime factors of 22461988?
2, 5615497
List the prime factors of 356454098.
2, 7, 11, 13, 19, 9371
What are the prime factors of 652185895?
5, 2243, 58153
What are the prime factors of 5231999166?
2, 3, 409, 479, 4451
What are the prime factors of 10117922?
2, 5058961
List the prime factors of 3921886289.
229, 17126141
List the prime factors of 154713474.
2, 3, 1259, 6827
What are the prime factors of 2598334362?
2, 3, 13, 411259
What are the prime factors of 3077437390?
2, 5, 307743739
List the prime factors of 3080484007.
3080484007
What are the prime factors of 684595714?
2, 11, 31117987
List the prime factors of 2357192111.
2357192111
What are the prime factors of 5911640836?
2, 29, 50962421
List the prime factors of 968166182.
2, 484083091
What are the prime factors of 2511967702?
2, 17, 1303, 56701
List the prime factors of 261024685.
5, 52204937
What are the prime factors of 61969578?
2, 3, 11, 29, 32377
What are the prime factors of 1808651759?
23, 1439, 54647
List the prime factors of 29512044.
2, 3, 61, 89, 151
List the prime factors of 34099911.
3, 29, 130651
List the prime factors of 24236422.
2, 7, 307, 5639
List the prime factors of 274323705.
3, 5, 18288247
List the prime factors of 118843355.
5, 2887, 8233
List the prime factors of 752485196.
2, 19, 31, 319391
List the prime factors of 2308145927.
1231, 1303, 1439
List the prime factors of 235919352.
2, 3, 19, 517367
List the prime factors of 24039938.
2, 13, 17, 137, 397
List the prime factors of 718052886.
2, 3, 39891827
What are the prime factors of 26708250?
2, 3, 5, 149, 239
List the prime factors of 15816184.
2, 1977023
What are the prime factors of 189405359?
11, 13, 1324513
List the prime factors of 75963537.
3, 13, 649261
List the prime factors of 110115444.
2, 3, 23, 398969
What are the prime factors of 4759819596?
2, 3, 7, 17, 65357
List the prime factors of 32716509.
3, 7, 557, 2797
List the prime factors of 84308190.
2, 3, 5, 193, 14561
What are the prime factors of 485356924?
2, 13, 9333787
What are the prime factors of 1836007038?
2, 3, 17, 6000023
List the prime factors of 3165525317.
3165525317
List the prime factors of 31087723.
467, 66569
List the prime factors of 42316643.
31, 839, 1627
What are the prime factors of 26208344?
2, 29, 112967
List the prime factors of 849331491.
3, 59, 4798483
What are the prime factors of 85692860?
2, 5, 11, 389513
What are the prime factors of 26139959?
1933, 13523
List the prime factors of 90760186.
2, 11, 37, 43, 2593
What are the prime factors of 1899788459?
1899788459
What are the prime factors of 164268535?
5, 17, 31, 2011
What are the prime factors of 4044063217?
4044063217
What are the prime factors of 1000021565?
5, 67, 191, 15629
List the prime factors of 1955425897.
227, 1511, 5701
List the prime factors of 88023970.
2, 5, 8802397
What are the prime factors of 36259853?
7, 433, 1709
List the prime factors of 5698280957.
271, 21026867
List the prime factors of 78471046.
2, 71, 241, 2293
List the prime factors of 158332227.
3, 97, 544097
What are the prime factors of 649571913?
3, 47, 10891
What are the prime factors of 47000091?
3, 19, 824563
List the prime factors of 348465091.
13, 313, 85639
List the prime factors of 10672228.
2, 7, 563, 677
List the prime factors of 1363503840.
2, 3, 5, 19, 47, 3181
What are the prime factors of 998677881?
3, 43, 2580563
What are the prime factors of 61732543?
1621, 38083
List the prime factors of 240615799.
6977, 34487
What are the prime factors of 25456559?
43, 263, 2251
List the prime factors of 278261040.
2, 3, 5, 1159421
List the prime factors of 34364076.
2, 3, 1483, 1931
What are the prime factors of 122363879?
11, 137, 81197
What are the prime factors of 1808107648?
2, 23, 614167
What are the prime factors of 4238994298?
2, 7, 11, 181, 152077
What are the prime factors of 483843043?
37, 109, 119971
List the prime factors of 1101502410.
2, 3, 5, 36716747
What are the prime factors of 26236205?
5, 5247241
List the prime factors of 181414585.
5, 11, 71, 46457
What are the prime factors of 54149886?
2, 3, 7, 19, 22619
List the prime factors of 146101914.
2, 3, 7, 307, 1259
List the prime factors of 345277447.
109, 677, 4679
List the prime factors of 6070538290.
2, 5, 9817, 61837
What are the prime factors of 50138150?
2, 5, 19, 89, 593
List the prime factors of 35375506.
2, 3803, 4651
What are the prime factors of 811795215?
3, 5, 7, 11, 702853
What are the prime factors of 379222399?
15881, 23879
List the prime factors of 2052800654.
2, 83, 131, 94399
List the prime factors of 1448254508.
2, 379, 955313
List the prime factors of 7426596.
2, 3, 618883
What are the prime factors of 5119047372?
2, 3, 79, 5399839
What are the prime factors of 52534111?
7, 107, 70139
What are the prime factors of 71143683?
3, 13, 73, 24989
What are the prime factors of 35075916?
2, 3, 73, 1483
What are the prime factors of 64246664?
2, 61, 173, 761
What are the prime factors of 2410377528?
2, 3, 13, 67, 1721
What are the prime factors of 258334311?
3, 86111437
What are the prime factors of 156335889?
3, 52111963
What are the prime factors of 755909703?
3, 6659, 12613
What are the prime factors of 1084034140?
2, 5, 7, 37, 59, 3547
List the prime factors of 38564578.
2, 13, 1483253
List the prime factors of 38161354.
2, 7, 11, 383, 647
List the prime factors of 132554969.
29, 79, 57859
What are the prime factors of 165196545?
3, 5, 19, 579637
What are the prime factors of 1021690987?
821, 1244447
What are the prime factors of 1372617329?
1372617329
List the prime factors of 3865501.
37, 104473
List the prime factors of 1519928027.
17, 71, 89, 14149
List the prime factors of 1114418219.
73, 15266003
List the prime factors of 273389198.
2, 6299, 21701
List the prime factors of 128590606.
2, 64295303
List the prime factors of 104877477.
3, 79, 49169
List the prime factors of 1043699413.
31, 3457, 9739
List the prime factors of 351649197.
3, 1201, 32533
What are the prime factors of 54616675?
5, 2184667
List the prime factors of 364433621.
7103, 51307
What are the prime factors of 854626552?
2, 13, 373, 22031
List the prime factors of 486671140.
2, 5, 24333557
List the prime factors of 97926325.
5, 7, 163, 3433
What are the prime factors of 55423037?
691, 80207
What are the prime factors of 142946203?
59, 293, 8269
What are the prime factors of 562295357?
13, 47, 109, 8443
List the prime factors of 221462754.
2, 3, 59, 79, 7919
What are the prime factors of 102302379?
3, 17, 107, 2083
What are the prime factors of 1524903128?
2, 7, 17, 23, 9949
What are the prime factors of 76764983?
76764983
List the prime factors of 153522972.
2, 3, 283, 5023
List the prime factors of 4582598139.
3, 7, 227, 15259
List the prime factors of 5394784196.
2, 71, 18995719
What are the prime factors of 8